 + -7).
3
Evaluate 12 - 5 - (-3 - -10 - 2).
2
Calculate 6 + -7 - -9 - (4 - 1).
5
What is -10 + 9 + (-3 - -9)?
5
-31 - -31 - (2 + -5 + 1)
2
What is the value of 4 + 3 + -12 + 1?
-4
Evaluate 6 + -13 + 3 + (1 - -5).
2
-8 + (-5 + -1 - -14) - -1
1
What is (-1 - (1 + 0)) + -1?
-3
Evaluate 4 - (1 + -5 - (-10 + 7)).
5
Evaluate (-3 + -3 - -10) + -11.
-7
Calculate (-1 + 3 + 1 - 3) + -4.
-4
Calculate 7 + -4 + -4 + 4.
3
(-3 - -16) + -7 + (-1 - 0)
5
1 - 0 - (8 - 4 - 6)
3
What is 2 - (7 + -3 + -10 + 6)?
2
Calculate 6 - -1 - -2 - 5.
4
2 - -1 - (7 + 2 - 3)
-3
What is the value of 11 - (0 - -3) - 8?
0
-73 + 63 - (0 - 9)
-1
Calculate 8 - (-2 + 6 - 3 - -3).
4
Evaluate (-6 + (-3 - -7) - -2) + 4.
4
(13 - (9 - -4)) + -6
-6
(1 - 2) + (-30 - -29)
-2
Calculate 8 + -9 - -4 - 1.
2
Evaluate 12 + -8 + -5 - -4.
3
What is the value of -16 + 12 + -11 - -7?
-8
4 - (11 + (-15 - -4))
4
Evaluate (8 - 3) + (-1 - 0).
4
What is -7 + 7 - (-2 - (-1 - -1))?
2
What is -5 - (-7 + 5) - 0?
-3
4 + -5 + -5 + 15
9
-5 + 6 + (2 - -1)
4
Calculate (-2 + 2 - 6) + 3.
-3
-1 - 16 - (-239 + 228)
-6
Calculate -4 + (2 - 2 - -7).
3
Evaluate 2 - 0 - (-11 + 17).
-4
What is the value of -3 + 0 + 14 - (4 - -1)?
6
Calculate 6 + 1 + -12 - -8.
3
Calculate 5 + -5 + -7 + 2.
-5
What is the value of 1 - (7 - (5 + 0))?
-1
What is the value of (-15 - 4) + -2 + 11?
-10
Calculate (-5 + 7 - 2) + -4.
-4
What is the value of (-2 - -1) + 170 + -165?
4
What is -2 + 8 + 5 - 6?
5
Evaluate -9 + (8 - 10) - -15.
4
(-2 - -4) + (1 - 1) + 0
2
Evaluate 5 - (-5 - (-9 + 4)).
5
What is the value of -8 - (-1 + 7 + -20)?
6
Calculate -3 + 3 + (12 + -6 - 2).
4
Evaluate (8 - 4) + (-4 - 1).
-1
Calculate -11 + 7 - 1 - (-1 + 1).
-5
What is -2 - 2 - -1 - (2 - -1)?
-6
(-3 - -7) + (1 - 1) - 3
1
What is (4 - 13) + (12 - 5) + -2?
-4
2 + (-2 + 3 + 0 - -2)
5
What is the value of 2 - ((-6 - -4) + 0)?
4
Calculate -10 + 6 + (-5 - -2) + 4.
-3
What is the value of -4 + 4 - -4 - (9 + 1)?
-6
Evaluate (-3 - -3 - -3) + -2.
1
Calculate (-10 - -4) + (2 - 0).
-4
What is the value of (-12 - -6) + 9 - 1?
2
(-11 - (6 - 3) - -7) + -1
-8
What is (0 - -4 - 4) + 0 + 1?
1
What is the value of (2 - (3 + 4 + -10)) + -3?
2
(-4 - (-9 - -4)) + -4
-3
Calculate (21 - 8) + -11 + -8.
-6
Evaluate (5 - ((-3 - -7) + -1)) + -3.
-1
What is 6 - ((-6 - -1) + 19) - -6?
-2
What is 2 + -5 + 8 + -2?
3
Evaluate 1 + -6 + 2 + (10 - 6).
1
Calculate -1 - (-6 - -5) - -1.
1
Calculate (6 - 0) + 14 + -16.
4
(6 - 9) + (5 - 1)
1
What is 3 + (-4 - -7) - 9 - -2?
-1
Calculate (-7 - -9) + -4 + 5.
3
Evaluate (-2 + 0 - (-44 - -46)) + 8.
4
7 + (5 - 15) + -2 + 1
-4
Evaluate (2 - -1) + -11 + 0 + 3.
-5
-8 - -9 - ((-2 - -4) + -3)
2
What is 16 - 18 - (3 + 1)?
-6
1 - (-2 - (2 + -7))
-2
What is (-10 - -4) + 7 - 5?
-4
Evaluate -4 - (0 - 0) - (125 - 135).
6
What is the value of 4 - (5 + -4) - 3?
0
Calculate -2 + 4 + (3 - -2 - 5).
2
What is -4 + (5 - -7) + (-7 - -1)?
2
Calculate -1 + 3 + -1 + (-6 - 0).
-5
(-2 - -9 - (4 + -1)) + -3
1
What is the value of -5 + (1 + -2 - -1)?
-5
What is the value of 7 + -7 - 4 - (-6 - -1)?
1
What is 1 + 3 + (4 - 8) - 1?
-1
Calculate -18 - -16 - (-1 + -5).
4
0 + (2 - 6) - -4
0
Evaluate -13 - (13 - 25 - -2).
-3
Evaluate 1 + 1 - (7 - (2 + -2)).
-5
-18 + 17 + -3 - -7
3
Evaluate -1 - (-7 + -9 + 13).
2
What is 9 - (-9 + (17 - 7) + 1)?
7
Calculate -1 + -6 + 13 + -6.
0
What is the value of (-15 - -15) + (-1 - 4)?
-5
Calculate 2 + -5 - (-1 - 6 - -3).
1
What is the value of (0 + (6 - -5) - 6) + 0?
5
Calculate -1 - (-8 + -1 + 4).
4
(7 + 0 - 12) + 12
7
Calculate 6 + 5 + -14 - -6 - -4.
7
What is the value of (5 - (-2 + 4)) + -6?
-3
What is the value of -3 + (-4 - 3) + (3 - -2)?
-5
Evaluate -6 - (-5 - (-8 - -3)).
-6
What is (16 + -6 - 12) + 5?
3
Evaluate -4 + 1 + 4 + -3.
-2
What is the value of (-6 - -2) + 2 + 0?
-2
Evaluate -1 + -4 + (14 + -2 - 1).
6
What is the value of (12 - 7) + (0 - 7)?
-2
What is the value of -1 + (-6 - (-6 + (-1 - -4)))?
-4
-8 - -7 - (-7 + 0)
6
What is 3 + 0 + -2 + -3?
-2
What is the value of (0 - -4 - (-13 - -19)) + -4?
-6
What is the value of 1 + (0 - 0) + 15 + -12?
4
Evaluate 7 + (-6 - 7) - (-5 - 0).
-1
What is the value of -7 + -1 + -12 + 16 + 0?
-4
What is 2 + -10 + (-3 + 1 - -5)?
-5
Evaluate 125 + -113 + (-9 - 0).
3
8 - 4 - 4 - 4
-4
1 + -2 - (1 - 2)
0
What is the value of 4 + -3 - ((-6 - -3) + 7)?
-3
Calculate (1 - (-2 - -3) - -4) + -11.
-7
(2 - -6) + 7 + -23 + 11
3
1 + -6 + 0 + 0
-5
What is the value of -28 + 27 + -2 + 5?
2
Evaluate -4 + (-3 - -3) + 2.
-2
Evaluate 18 + (-24 - -12) + 2.
8
What is the value of -7 + 2 - (-10 - 0)?
5
(13 - (1 - -4)) + -6
2
What is (0 - 4 - 1) + -255 + 257?
-3
Calculate (-1 - 7) + (0 - -1 - -3).
-4
Calculate (-34 - -30) + 0 + 3.
-1
Calculate 2 + -3 + -2 - -5.
2
What is the value of 1 - (-5 + 6) - -1?
1
What is the value of 1 - -4 - 12 - (-2 + -1)?
-4
Evaluate (-22 - -12) + -1 + 6.
-5
Evaluate 3 - (4 + -8 + 2).
5
Calculate (-4 + 5 + -2 - 4) + 1.
-4
What is the value of 1 - 17 - (-10 + 1 - -2)?
-9
(1 - -1) + -5 + 3 + -3
-3
Evaluate -1 + 4 - (15 + 11 + -24).
1
What is the value of -6 - -6 - (-4 + (-2 - 0))?
6
Evaluate -1 + (4 - (-2 + 2)).
3
What is the value of (5 - (-2 + 5 + 1)) + -2?
-1
Calculate 3 - (3 + -2 + -3 - -3).
2
Calculate 4 + 3 + -3 + -1 - 4.
-1
What is (3 - 10) + (-7 + 20 - 6)?
0
Evaluate 10 - (31 + -8 + -12).
-1
Calculate (1 - ((2 - 5) + 3)) + -6.
-5
Calculate 7 + 4 + -1 + -2 - 3.
5
Evaluate (-6 - -7) + 5 + (-2 - 10).
-6
-7 - (-12 - (-3 + 0))
2
What is the value of 4 - (19 - 16 - (0 + 0))?
1
What is -2 - 4 - (1 + 0 + -5)?
-2
What is the value of -10 + (1 - (-15 + 5 + 6))?
-5
What is 4 + -6 - (5 + -3 + -4)?
0
Evaluate (1 - 13) + (97 - 90).
-5
What is 6 + (-4 - 0) + -7 - -1?
-4
-5 + -1 - (38 - 40)
-4
What is 0 - (1 + (8 - 7))?
-2
Evaluate 2 + (-10 - -7) + 4 + -5.
-2
What is (4 + -8 - -4) + 1?
1
(-5 - -5) + 0 - -3
3
What is 2 - (2 + -4 + 9)?
-5
(1 - 5) + (9 - 0)
5
What is -3 + (4 - 1) + -2?
-2
What is the value of (2 - 4 - -6) + (79 - 77)?
6
Calculate 1 + 3 + -7 + 3.
0
Evaluate 2 + -4 + (1 - 1).
-2
What is 2 - (3 - 2 - -4)?
-3
(-7 + 11 - -4) + -12
-4
Calculate 8 + (2 - 0) + -4.
6
Calculate (4 - 3) + -6 + 7.
2
1 + (3 + -2 - 4) - -4
2
What is the value of (19 - 18) + (-1 - -1)?
1
What is the value of (1 - 11) + -11 + 16 + 0?
-5
What is (1 - (-6 + 2)) + 0?
5
What is (-3 - -6) + -1 + -5 + -1?
-4
Calculate -3 + (2 - -8) - 2.
5
Calculate (5 - 4) + (1 + 6 - 3).
5
0 + 3 + (8 - (23 - 9))
-3
What is (-8 - -3) + (1 - -2)?
-2
Calculate 3 + -5 - (-2 - 1).
1
Evaluate 1 + (1 - 0) + (12 - 7).
7
What is the value of (-15 - -17) + -4 + (-1 - -3)?
0
(2 - (1 + -3)) + (1 - 2)
3
Evaluate 0 - -3 - (13 - 7).
-3
2 + 2 + (-5 - -5 - 0)
4
Calculate (2 + 0 - -4) + -5.
1
Evaluate -16 + 7 + 14 + 2.
7
Calculate -8 + (0 - (3 - 4) - -2).
-5
What is the value of 2 + -3 - (0 + 4)?
-5
Evaluate 3 - 4 - (0 + 1 - 0).
-2
Evaluate (9 - -1) + (-63 - -54).
1
What is the value of (-20 - -30 - (0 + 6)) + -7?
-3
What is -1 + -3 - -8 - 2?
2
What is the value of 4 + (-4 - -4) + 1 + -2?
3
What is the value of -1 - (-2 - (1 + -1)) - 0?
1
2 + -1 + 5 + -5
1
What is -1 - -6 - 5 - 3?
-3
What is 4 - (-4 + 11 + -3)?
0
20 - 23 - (-4 + (4 - 8))
5
What is the value of 3 - -4 - (-10 - -11)?
6
Calculate 13 + (-6 - 0) + -6 - 6.
-5
What is (-3 - 0) + 6 + (-3 - -1)?
1
6 + -5 + 6 - (1 - -17)
-11
Calculate 1 + -3 + (4 - 4).
-2
-3 + (2 - (-2 - -4)) - 0
-3
What is the value of 0 + (0 - -3 - -3)?
6
What is the value of -7 + (-3 - (-3 - 2))?
-5
What is the value of 2 - -3 - ((5 - -3) + -3)?
0
What is 99 + -96 + (-1 - 0 - -5)?
7
Calculate 0 + -5 + -29 + 37 + -9.
-6
Calculate 0 + 1 + 21 + -29.
-7
(7 - 1) + -7 - -3
2
-3 + 3 + -7 + -3 + 6
-4
What is the value of (-3 - (5 + -6)) + 7 + -2?
3
Evaluate 15 + -8 + -5 + 0 - 11.
-9
What is 0 + -1 + (-24 - -25)?
0
Evaluate 0 - (1 - (1 + -1)).
-1
What is -1 - (-8 + 10 - (-3 + 1))?
-5
Calculate (-10 + 4 - 12) + 9.
-9
-7 + (7 - (-1 + 1)) + -3
-3
What is (6 - 11) + 19 - 8?
6
What is the value of 3 - (-4 + 7 - 4 - 0)?
4
What is (-6 - (-4 - -1)) + 1 + -3?
-5
What is -3 + ((1 - 0) + 5 - 1)?
2
0 + -3 - (-21 - -13)
5
(1 - (-1 + -1)) + -4 + 1
0
What is -3 + 4 - (5 - 0)?
-4
Evaluate -5 + 0 - (7 - 11).
-1
Evaluate -2 + (0 - 4) - (2 - 4).
-4
Calculate 3 + 6 + -5 + -3.
1
(-1 - 0) + (-14 - -12)
-3
1 + -6 + (4 - 19) + 14
-6
7 + 0 + -4 + (3 - 3)
3
Evaluate 4 - 6 - (-9 + 8 + 4)